Calculate the greatest common factor of y and c.
18
Suppose 0*t + 2*t - 4 = 0, 64 = 3*i - 4*t. What is the greatest common factor of i and 36?
12
Suppose 7*k + 48 = 11*k. Calculate the greatest common factor of 48 and k.
12
Let u = -7 + 161. Calculate the greatest common divisor of u and 22.
22
Suppose 0 = -6*g - 16 + 40. What is the greatest common factor of 44 and g?
4
Let p = -8 - -2. Let m(x) = 7*x - 1. Let k(b) = -b - 1. Let g(h) = p*k(h) - m(h). Let r be g(5). What is the highest common factor of 1 and r?
1
Suppose 18 = 8*g - 7*g. Calculate the highest common factor of 2 and g.
2
Let u be -3 + (-15*1)/(-1). Calculate the greatest common divisor of 108 and u.
12
Let p = -2 - -6. Let d be p/14 + 2094/21. What is the highest common divisor of d and 40?
20
Suppose -3*g - 182 = -17*g. Calculate the highest common divisor of g and 143.
13
Let d = 3 - 21. Let r = d + 44. What is the highest common divisor of 13 and r?
13
Let h be (-4)/6 - 280/(-15). Suppose h + 9 = q. Calculate the highest common divisor of 135 and q.
27
Let o = 77 + 35. Let d be ((-2)/4)/(4/(-128)). Calculate the greatest common divisor of o and d.
16
Let y(m) = 6*m + 3. Let c be y(3). What is the highest common factor of c and 168?
21
Suppose -203 = -2*m + 29. Let y be (-6)/21 + m/14. What is the greatest common factor of y and 40?
8
Let y(g) = g**3 - 15*g**2 + 14*g + 10. Let l be y(14). What is the highest common factor of 5 and l?
5
Let k = 49 - 25. Let w(y) = y**3 + 7*y**2 - 9*y - 8. Let p be w(-8). Suppose 0*l - 2*m - 7 = l, 5*m + 25 = p. What is the highest common divisor of l and k?
3
Suppose -14*f + 17*f = 312. Calculate the highest common factor of 13 and f.
13
Let f(l) = -2*l**3 + 2*l**2 - 4. Let r be f(-5). Let v = r - 191. Let c(n) = -n**2 + 12*n - 17. Let a be c(8). What is the highest common factor of v and a?
15
Let z(p) = 6*p**2 + 7*p - 5. Let f be z(5). Suppose 55 = g + 5. Suppose -4*b + 30 = -g. What is the greatest common divisor of b and f?
20
Let f be -3 - (1 - 1 - 6). Suppose f*c + 4*o = 2*c + 48, 0 = o + 3. Calculate the highest common divisor of 24 and c.
12
Let s(v) = -v**3 + 7*v**2 - 2*v - 3. Let p be s(3). What is the highest common factor of p and 216?
27
Let b = -5 - -7. Calculate the highest common divisor of b and 3.
1
Let q(x) = -x**2 - 7*x - 6. Let c be q(-4). Let b be -33*(8/c - 2). Suppose -7*o + 55 = -2*o. What is the greatest common factor of b and o?
11
Let o = 43 + -31. Calculate the greatest common factor of 60 and o.
12
Let v(f) = -14*f - 4. Let t(i) = 0 - 2 - i + 6. Let j be t(7). Let w be v(j). Calculate the greatest common factor of w and 95.
19
Let n(v) = -2*v**2 + v + 3. Let j(o) = 3*o**2 - 4. Let b(z) = 3*j(z) + 4*n(z). Let t be b(7). Calculate the greatest common divisor of t and 7.
7
Suppose 3060 = -0*s - 4*s. Let r be ((-8)/5)/(6/s). Let c be r/10 - 2/5. Calculate the highest common factor of 5 and c.
5
Let k be (-3 - -155) + 2 + 1. Let o = k - 55. Suppose -160 = -2*m - 2*m. What is the highest common factor of o and m?
20
Let s(z) = 39*z. Let u be s(-1). Let f = -27 - u. Calculate the highest common factor of f and 108.
12
Suppose -5*r + 4*r = -220. What is the greatest common factor of r and 20?
20
Let d = 3 - 2. Suppose -3*m = -2*m. Let h = m - -3. Calculate the highest common factor of d and h.
1
Let s(w) = w**3 + 4*w**2 - 16*w - 12. Let b be s(-6). Calculate the greatest common factor of 132 and b.
12
Suppose 2*i = -3*w + 158, -31*w - 107 = -33*w - i. Let k be -1*(3 - 1 - 2). Suppose k = -0*l - l + 8. Calculate the highest common divisor of l and w.
8
Let f be (99/(-4))/(14/(-56)). What is the greatest common divisor of f and 11?
11
Suppose 2*w - 228 = -3*c, 3*w - 241 = c + 112. What is the highest common factor of 9 and w?
9
Let j = 24 + -10. Let a = 32 - 18. What is the highest common divisor of a and j?
14
Let h(r) = r**2 + 2*r + 6. Let u be h(-4). Calculate the greatest common divisor of 98 and u.
14
Suppose -2*b = 3*q - 84, 0 = -4*q - 2*b + b + 117. Let a(z) = 6*z**2 + z + 1. Let w be a(-1). What is the highest common divisor of w and q?
6
Let c = 90 - 21. Suppose 2*p + j = 6*p - c, p - 5*j - 3 = 0. Let o = p + -11. What is the greatest common factor of 7 and o?
7
Suppose 4 = 3*k - 2. Let y be (-1 + k - -108) + 1. What is the highest common divisor of 10 and y?
10
Let v(q) = 3*q - 5. Let n be v(-6). Let b be (n + -1)*(-2)/4. What is the greatest common factor of 18 and b?
6
Let q(y) = y - 1. Let l be q(1). Let d = 8 + l. Suppose -105*o + 101*o = -64. What is the greatest common divisor of o and d?
8
Let s = -4 - 1. Let v(m) = -2*m + 5. Let p be v(s). What is the greatest common factor of p and 105?
15
Let u be ((-2)/6)/((-1)/93). Suppose 4*l - 5 = -4*r + 3*l, 3*r + 3*l - 6 = 0. Suppose u = 5*n + r. What is the greatest common factor of 18 and n?
6
Suppose -3*k + 132 = -3*z, 220 = 5*k + z + 2*z. What is the greatest common factor of 220 and k?
44
Let n = 17 + -20. Let g be 4/(n/6 - -1). Calculate the greatest common divisor of 20 and g.
4
Suppose 9 = 2*i - 3*o, -2*o - 1 = i + 2*o. Let s be 1 - (-1 - 2 - i). Calculate the greatest common divisor of s and 77.
7
Let k be 4/(-18)*-6*66. What is the greatest common factor of k and 8?
8
Suppose -2*q = 2*q - 12. Suppose 3*f = 5*d + 2, -q*d - 2*d - 10 = -5*f. Suppose -d*b + 7 = -7. Calculate the highest common factor of b and 21.
7
Let l(g) = -g**3 - 2*g + 30. Let v be l(0). Calculate the highest common divisor of 15 and v.
15
Let i(j) = 7*j**2 - 14*j - 4. Let v be i(4). What is the highest common divisor of 13 and v?
13
Suppose -4*x + 37 = -39. Suppose 2*y + 12 = 50. What is the greatest common factor of y and x?
19
Let f = 138 + -26. Suppose -3*d = -0*d. Suppose d = -5*h + 93 - 13. Calculate the greatest common factor of h and f.
16
Let w(q) = q**3 + 5*q**2 + 3*q - 3. Let z be w(-4). Let l be 2 - z*(-21 + 1). What is the greatest common factor of l and 33?
11
Suppose -3*m + 3 + 3 = 0. Calculate the greatest common factor of 22 and m.
2
Let t(n) = n**3 - 21*n**2 - 25*n + 67. Let a be t(22). Let y(z) = z**2 + 2*z + 3. Let u be y(-3). Let h = u - 2. What is the highest common factor of h and a?
1
Let i(p) = 11*p - 3. Let l be i(3). Calculate the highest common divisor of 120 and l.
30
Let i = 7 - 11. Let a = i + 5. Suppose -6 - 6 = -4*l. Calculate the greatest common factor of l and a.
1
Suppose q = -3*q + 64. Calculate the highest common divisor of q and 16.
16
Let a = 9 - -40. Suppose 5*r + a = 309. What is the greatest common factor of r and 130?
26
Let z be ((-16)/(-6))/(6/54). Calculate the highest common divisor of 56 and z.
8
Suppose -5*y = -4*b - y + 280, -3*y = -2*b + 139. Let o be (b + -1)/(6/6). Suppose 0 = 5*z - z - 56. What is the highest common factor of z and o?
14
Let a(m) = -m**3 - 3 + 3 + 2 + m + 5*m**2. Suppose 0 = -3*p + 6 + 9. Let l be a(p). Calculate the highest common factor of 7 and l.
7
Suppose 2*m = 6*m - 352. What is the greatest common divisor of m and 8?
8
Let r(m) be the second derivative of -m**4/12 + 7*m**3/6 - 2*m**2 - 3*m. Let d be r(5). Let k be 9/(13/d - 2). What is the greatest common factor of k and 18?
18
Let l = -8 + 9. Let g = 2 - 2. Let b = g - -3. What is the greatest common factor of l and b?
1
Let r(z) = 5*z**2. Let g be r(6). What is the greatest common divisor of 20 and g?
20
Suppose 8 = 19*b - 15*b. What is the greatest common factor of 18 and b?
2
Suppose -r - 3*q + 2 = 1, 3*r = 5*q + 73. Suppose 3*n = -24 - 36. Let h be (n/(-6))/(1/24). Calculate the highest common factor of r and h.
16
Let q be 8/6*(-3)/2*-5. Suppose o + 2 - 8 = 0. Let d be (o/(-15))/((-1)/25). What is the greatest common divisor of d and q?
10
Let j be (-9)/3*8/6. Suppose 8*i = 7*i + 2. Let r be 39/(-6)*j/i. Calculate the highest common factor of r and 117.
13
Let d(t) = -t**2 - 11*t - 2. Let l be d(-9). Suppose -5*h = -h - l. Let i be 5 + h + 3 + 0. Calculate the highest common factor of i and 132.
12
Suppose -2*g + 28 = -a - 20, 0 = -2*g - 4*a + 58. Calculate the highest common divisor of 200 and g.
25
Let p be 1 - (-2 - 3/1). Suppose -15 = -3*x + p. What is the highest common factor of 1 and x?
1
Let w = -860 + 1309. Let u = w - 260. What is the highest common factor of 21 and u?
21
Let q(v) = 3*v + 31. Let t be q(-5). Calculate the greatest common div